19 a factor of 752658?
False
Is 43 a factor of 159112?
False
Is 94700 a multiple of 25?
True
Is 198986 a multiple of 33?
False
Does 36 divide 207698?
False
Does 132 divide 17836758?
False
Is 2514 a multiple of 5?
False
Is 19 a factor of 623589?
False
Does 2058 divide 5825401?
False
Is 4 a factor of 154?
False
Does 120 divide 353803?
False
Is 18 a factor of 1923934?
False
Does 294 divide 376614?
True
Is 892 a factor of 1057020?
True
Is 2920050 a multiple of 70?
True
Is 46896 a multiple of 7?
False
Is 567951 a multiple of 961?
True
Is 113722 a multiple of 378?
False
Is 1532475 a multiple of 9?
True
Does 29 divide 4387313?
False
Is 30600 a multiple of 21?
False
Is 32 a factor of 257376?
True
Is 447643 a multiple of 7?
True
Is 6732495 a multiple of 33?
True
Does 15 divide 3408366?
False
Does 23 divide 4398985?
False
Is 581464 a multiple of 614?
False
Is 178 a factor of 6124?
False
Is 44 a factor of 27940?
True
Is 1270864 a multiple of 814?
False
Does 1327 divide 14848330?
False
Does 280 divide 6981520?
True
Is 316 a factor of 303676?
True
Is 196580 a multiple of 265?
False
Does 27 divide 355188?
False
Is 171626 a multiple of 13?
True
Is 78514 a multiple of 185?
False
Is 14 a factor of 76580?
True
Is 4903 even?
False
Does 2 divide 1514239?
False
Is 11 a factor of 13366?
False
Is 936150 a multiple of 151?
False
Does 27 divide 2172310?
False
Is 123 a factor of 1149161?
False
Is 55 a factor of 24860?
True
Is 14 a factor of 187460?
True
Is 196 a factor of 3661664?
False
Does 184 divide 294923?
False
Is 543 a factor of 594409?
False
Is 23 a factor of 475746?
False
Is 462322 a multiple of 14?
True
Does 80 divide 7457126?
False
Does 29 divide 674465?
False
Is 2304480 a multiple of 48?
True
Is 7 a factor of 219954?
True
Does 27 divide 186921?
True
Is 3 a factor of 39288?
True
Does 17 divide 2598810?
False
Is 180 a factor of 11652566?
False
Is 2665728 a multiple of 832?
True
Does 16 divide 128721?
False
Is 58 a factor of 122262?
False
Is 86 a factor of 1556084?
True
Is 15 a factor of 51900?
True
Is 2968191 a multiple of 27?
True
Does 85 divide 2957955?
False
Does 10 divide 144430?
True
Does 820 divide 2526368?
False
Is 5 a factor of 204688?
False
Is 666936 a multiple of 12?
True
Is 12795633 a multiple of 13?
False
Does 96 divide 72576?
True
Does 235 divide 8842587?
False
Is 133030 a multiple of 53?
True
Does 21 divide 965211?
False
Does 16 divide 453722?
False
Is 59 a factor of 59277?
False
Does 66 divide 2960280?
False
Is 22 a factor of 1678556?
True
Does 47 divide 3915326?
False
Is 5631384 a multiple of 88?
True
Is 2032897 a multiple of 84?
False
Is 5 a factor of 318773?
False
Is 105 a factor of 3121353?
False
Is 102935 a multiple of 595?
True
Is 24 a factor of 1448736?
True
Is 8 a factor of 125048?
True
Is 148 a factor of 96792?
True
Is 4154958 a multiple of 1777?
False
Does 5 divide 1282124?
False
Does 9 divide 6822453?
False
Is 167903 a multiple of 320?
False
Is 3353206 a multiple of 66?
False
Does 284 divide 1152188?
True
Is 1227930 a multiple of 15?
True
Is 414 a factor of 3540092?
False
Is 2 a factor of 181841?
False
Is 170692 a multiple of 556?
True
Is 37 a factor of 111949?
False
Does 72 divide 1801480?
False
Does 39 divide 178050?
False
Does 47 divide 539184?
True
Does 821 divide 613061?
False
Is 13 a factor of 1673269?
True
Is 10 a factor of 7573408?
False
Is 14617 a multiple of 24?
False
Is 61 a factor of 364719?
True
Is 726400 a multiple of 25?
True
Is 1679070 a multiple of 313?
False
Does 3002 divide 32586710?
True
Is 43 a factor of 62264?
True
Is 1753274 a multiple of 180?
False
Does 500 divide 3535000?
True
Does 4 divide 313425?
False
Is 11 a factor of 17237?
True
Is 23 a factor of 402983?
True
Is 693432 a multiple of 6?
True
Does 351 divide 178659?
True
Is 130508 a multiple of 236?
True
Is 226644 a multiple of 34?
True
Is 36 a factor of 66225?
False
Does 5 divide 144144?
False
Is 60390 a multiple of 15?
True
Is 60 a factor of 2158440?
True
Does 85 divide 527000?
True
Does 10 divide 7633992?
False
Is 106 a factor of 242846?
True
Is 109714 a multiple of 132?
False
Is 1906945 a multiple of 174?
False
Is 124 a factor of 2208192?
True
Is 11502500 a multiple of 22?
False
Is 1289 a factor of 7277694?
True
Is 1276576 a multiple of 56?
True
Is 179 a factor of 2299255?
True
Does 242 divide 182468?
True
Is 360 a factor of 1906200?
True
Is 306054 a multiple of 147?
True
Is 671340 a multiple of 5?
True
Is 146 a factor of 16498?
True
Is 7 a factor of 127176?
True
Does 145 divide 9087792?
False
Is 132 a factor of 4796226?
False
Does 113 divide 17345?
False
Is 3 a factor of 843417?
True
Does 108 divide 1050624?
True
Is 708 a factor of 15258816?
True
Does 12 divide 11137?
False
Is 1157520 a multiple of 364?
True
Does 594 divide 62909?
False
Does 15 divide 10920?
True
Is 24 a factor of 386784?
True
Is 5 a factor of 142456?
False
Is 13521123 a multiple of 99?
True
Is 51 a factor of 1753482?
True
Is 30 a factor of 2730754?
False
Does 8 divide 159451?
False
Is 305232 a multiple of 149?
False
Does 164 divide 1715276?
True
Is 454 a factor of 459357?
False
Is 453 a factor of 446627?
False
Does 17 divide 3513508?
False
Is 4324104 a multiple of 56?
False
Does 188 divide 58656?
True
Is 228520 a multiple of 508?
False
Is 1157777 a multiple of 18?
False
Is 3526878 a multiple of 31?
False
Is 5 a factor of 518022?
False
Is 32 a factor of 8747557?
False
Is 58 a factor of 45352?
False
Is 33 a factor of 1360190?
False
Is 14 a factor of 107940?
True
Is 25294 a multiple of 7?
False
Is 9 a factor of 949402?
False
Does 150 divide 123224?
False
Is 148 a factor of 837765?
False
Is 3577504 a multiple of 48?
False
Does 64 divide 5355968?
True
Is 2811002 a multiple of 1264?
False
Is 13 a factor of 14001938?
False
Is 122247 a multiple of 11?
False
Is 36 a factor of 2908080?
True
Is 2940048 a multiple of 51?
True
Does 42 divide 16024?
False
Is 9766 a multiple of 25?
False
Does 23 divide 11111282?
False
Does 76 divide 299896?
True
Does 61 divide 13386220?
False
Is 106340 a multiple of 13?
True
Does 14 divide 56142?
False
Is 13558 a multiple of 3?
False
Is 59324 a multiple of 4?
True
Is 8 a factor of 90347?
False
Is 96 a factor of 4318922?
False
Does 117 divide 67626?
True
Does 302 divide 1627986?
False
Is 1745 a factor of 2874927?
False
Is 338118 a multiple of 6?
True
Is 799687 a multiple of 142?
False
Is 66 a factor of 174900?
True
Is 402 a factor of 1812709?
False
Does 168 divide 563912?
False
Does 186 divide 463698?
True
Is 907 a factor of 5545398?
True
Is 63200 a multiple of 25?
True
Is 32 a factor of 206131?
False
Is 52056 a multiple of 2?
True
Does 54 divide 9836748?
True
Is 1170804 a multiple of 11?
False
Is 46 a factor of 5244690?
True
Does 8 divide 166546?
False
Is 115 a factor of 490015?
True
Does 512 divide 9728?
True
Is 1130941 a multiple of 341?
False
Does 107 divide 1092381?
False
Is 3163732 a multiple of 572?
True
Is 12 a factor of 1834589?
False
Does 76 divide 1346221?
False
Is 60 a factor of 408540?
True
Is 258 a factor of 1349960?
False
Is 16 a factor of 775168?
True
Is 67853 a multiple of 298?
False
Does 23 divide 912560?
False
Is 3020166 a multiple of 206?
True
Does 111 divide 95349?
True
Does 70 divide 4852528?
False
Does 5 divide 86631?
False
Is 299979 a multiple of 9?
True
Is 14906 a multiple of 29?
True
Is 313684 a multiple of 2?
True
Is 35565 a multiple of 126?
False
Is 178 a factor of 155890?
False
Does 40 divide 335160?
True
Is 6967694 a multiple of 191?
False
Is 2102304 a multiple of 194?
False
Does 11 divide 659406?
True
Does 25 divide 571850?
True
Is 965 a factor of 2994395?
True
Does 46 divide 100970?
True
Does 202 divide 850596?
False
Is 56512 a multiple of 883?
True
Is 1053743 a multiple of 37?
False
Does 56 divide 12359312?
True
Is 427 a factor of 518020?
False
Is 2417108 a multiple of 101?
False
Is 127 a factor of 1034971?
False
Does 19 divide 13555436?
True
Is 2830468 a multiple of 19?
True
Does 547 divide 2453842?
True
Is 645998 a multiple of 5?
False
Is 6782517 a multiple of 98?
False
Does 14 divide 1156792?
True
Is 16 a factor of 552985?
False
Does 87 divide 318064?
False
Does 15 divide 2098151?
False
Does 8 divide 4023024?
True
Is 202 a factor of 214524?
True
Is 847220 a multiple of 44?
True
Is 4018484 a multiple of 41?
False
Is 1034517 a m